{"id":59,"date":"2017-11-09T18:41:35","date_gmt":"2017-11-09T18:41:35","guid":{"rendered":"http:\/\/homeprojetos.com.br\/casasdemadeira\/?page_id=59"},"modified":"2025-04-24T15:08:34","modified_gmt":"2025-04-24T15:08:34","slug":"na-midia","status":"publish","type":"page","link":"https:\/\/homeprojetos.com.br\/casasdemadeira\/na-midia\/","title":{"rendered":"Na M\u00eddia"},"content":{"rendered":"<p>Os projetos da\u00a0<strong>HOME PROJETOS<\/strong>\u00a0s\u00e3o destaques em revistas especializadas!<\/p>\n<p><a href=\"http:\/\/homeprojetos.com.br\/casasdemadeira\/wp-content\/uploads\/2017\/11\/logos_revistas-1.png\" data-rel=\"lightbox-image-0\" data-rl_title=\"Casas de madeira HOME PROJETOS\" data-rl_caption=\"\" title=\"Casas de madeira HOME PROJETOS\"><img loading=\"lazy\" decoding=\"async\" class=\"aligncenter size-full wp-image-611\" src=\"http:\/\/homeprojetos.com.br\/casasdemadeira\/wp-content\/uploads\/2017\/11\/logos_revistas-1.png\" alt=\"\" width=\"800\" height=\"91\" srcset=\"https:\/\/homeprojetos.com.br\/casasdemadeira\/wp-content\/uploads\/2017\/11\/logos_revistas-1.png 800w, https:\/\/homeprojetos.com.br\/casasdemadeira\/wp-content\/uploads\/2017\/11\/logos_revistas-1-300x34.png 300w, https:\/\/homeprojetos.com.br\/casasdemadeira\/wp-content\/uploads\/2017\/11\/logos_revistas-1-768x87.png 768w, https:\/\/homeprojetos.com.br\/casasdemadeira\/wp-content\/uploads\/2017\/11\/logos_revistas-1-360x41.png 360w\" sizes=\"auto, (max-width: 800px) 100vw, 800px\" \/><\/a><\/p>\n<hr \/>\n<p><strong>Clique nos t\u00f3picos abaixo para ver publica\u00e7\u00f5es em destaque sobre os projetos da HOME:<\/strong><\/p>\n<hr \/>\n<div class=\"su-spoiler su-spoiler-style-fancy su-spoiler-icon-arrow su-spoiler-closed\" data-scroll-offset=\"0\" data-anchor-in-url=\"no\"><div class=\"su-spoiler-title\" tabindex=\"0\" role=\"button\"><span class=\"su-spoiler-icon\"><\/span>REVISTA CASA &amp; CONSTRU\u00c7\u00c3O 2011<\/div><div class=\"su-spoiler-content su-u-clearfix su-u-trim\">\n<h3><strong>REVISTA CASA &amp; CONSTRU\u00c7\u00c3O<\/strong><\/h3>\n<p><a href=\"https:\/\/docs.google.com\/viewerng\/viewer?url=http:\/\/homeprojetos.com.br\/casasdemadeira\/wp-content\/uploads\/2017\/11\/Casa_Construcao_Deo_Garcez-1.pdf\" target=\"_blank\" rel=\"noopener noreferrer\"><img loading=\"lazy\" decoding=\"async\" class=\"aligncenter wp-image-567\" src=\"http:\/\/homeprojetos.com.br\/casasdemadeira\/wp-content\/uploads\/2017\/11\/Casa_Construcao_Deo_Garcez_Capa-1.jpg\" alt=\"\" width=\"150\" height=\"190\" \/><\/a><div class=\"su-document su-u-responsive-media-yes\"><iframe loading=\"lazy\" src=\"\/\/docs.google.com\/viewer?embedded=true&url=http:\/\/homeprojetos.com.br\/casasdemadeira\/wp-content\/uploads\/2017\/11\/Casa_Construcao_Deo_Garcez-1.pdf\" width=\"600\" height=\"400\" class=\"su-document\" title=\"\"><\/iframe><\/div>\n<\/div><\/div>\n<div class=\"su-spoiler su-spoiler-style-fancy su-spoiler-icon-arrow su-spoiler-closed\" data-scroll-offset=\"0\" data-anchor-in-url=\"no\"><div class=\"su-spoiler-title\" tabindex=\"0\" role=\"button\"><span class=\"su-spoiler-icon\"><\/span>REVISTA CASA &amp; CONSTRU\u00c7\u00c3O - PLANTAS E PROJETOS<\/div><div class=\"su-spoiler-content su-u-clearfix su-u-trim\">\n<h3><strong>REVISTA CASA &amp; CONSTRU\u00c7\u00c3O<\/strong><\/h3>\n<p><a href=\"https:\/\/docs.google.com\/viewerng\/viewer?url=http:\/\/homeprojetos.com.br\/casasdemadeira\/wp-content\/uploads\/2017\/11\/Casa_Construcao_Especial_Plantas_Projetos_01-1.pdf\" target=\"_blank\" rel=\"noopener noreferrer\"><img loading=\"lazy\" decoding=\"async\" class=\"aligncenter wp-image-585\" src=\"http:\/\/homeprojetos.com.br\/casasdemadeira\/wp-content\/uploads\/2017\/11\/Casa_Construcao_Especial_Plantas_Projetos_00_Aberta-1.png\" alt=\"\" width=\"300\" height=\"218\" \/><\/a><\/p>\n<div class=\"su-document su-u-responsive-media-yes\"><iframe loading=\"lazy\" src=\"\/\/docs.google.com\/viewer?embedded=true&url=http:\/\/homeprojetos.com.br\/casasdemadeira\/wp-content\/uploads\/2017\/11\/Casa_Construcao_Especial_Plantas_Projetos_01-1.pdf\" width=\"600\" height=\"400\" class=\"su-document\" title=\"\"><\/iframe><\/div>\n<p>&nbsp;<\/p>\n<\/div><\/div>\n<div class=\"su-spoiler su-spoiler-style-fancy su-spoiler-icon-arrow su-spoiler-closed\" data-scroll-offset=\"0\" data-anchor-in-url=\"no\"><div class=\"su-spoiler-title\" tabindex=\"0\" role=\"button\"><span class=\"su-spoiler-icon\"><\/span>REVISTA ISTO \u00c9, 2011<\/div><div class=\"su-spoiler-content su-u-clearfix su-u-trim\">\n<h3><strong>REVISTA ISTO \u00c9, 2011<\/strong><\/h3>\n<p><a href=\"https:\/\/docs.google.com\/viewerng\/viewer?url=http:\/\/homeprojetos.com.br\/casasdemadeira\/wp-content\/uploads\/2017\/11\/IstoE_2011_02_23-1.pdf\" target=\"_blank\" rel=\"noopener noreferrer\"><img loading=\"lazy\" decoding=\"async\" class=\"aligncenter wp-image-593\" src=\"http:\/\/homeprojetos.com.br\/casasdemadeira\/wp-content\/uploads\/2017\/11\/IstoE_2011_02_23_Aberta-2.jpg\" alt=\"\" width=\"150\" height=\"212\" srcset=\"https:\/\/homeprojetos.com.br\/casasdemadeira\/wp-content\/uploads\/2017\/11\/IstoE_2011_02_23_Aberta-2.jpg 1654w, https:\/\/homeprojetos.com.br\/casasdemadeira\/wp-content\/uploads\/2017\/11\/IstoE_2011_02_23_Aberta-2-212x300.jpg 212w, https:\/\/homeprojetos.com.br\/casasdemadeira\/wp-content\/uploads\/2017\/11\/IstoE_2011_02_23_Aberta-2-768x1086.jpg 768w, https:\/\/homeprojetos.com.br\/casasdemadeira\/wp-content\/uploads\/2017\/11\/IstoE_2011_02_23_Aberta-2-724x1024.jpg 724w, https:\/\/homeprojetos.com.br\/casasdemadeira\/wp-content\/uploads\/2017\/11\/IstoE_2011_02_23_Aberta-2-191x270.jpg 191w\" sizes=\"auto, (max-width: 150px) 100vw, 150px\" \/><\/a><\/p>\n<div class=\"su-document su-u-responsive-media-yes\"><iframe loading=\"lazy\" src=\"\/\/docs.google.com\/viewer?embedded=true&url=http:\/\/homeprojetos.com.br\/casasdemadeira\/wp-content\/uploads\/2017\/11\/IstoE_2011_02_23-1.pdf\" width=\"600\" height=\"400\" class=\"su-document\" title=\"\"><\/iframe><\/div>\n<\/div><\/div>\n<div class=\"su-spoiler su-spoiler-style-fancy su-spoiler-icon-arrow su-spoiler-closed\" data-scroll-offset=\"0\" data-anchor-in-url=\"no\"><div class=\"su-spoiler-title\" tabindex=\"0\" role=\"button\"><span class=\"su-spoiler-icon\"><\/span>REVISTA MARIE CLAIRE <\/div><div class=\"su-spoiler-content su-u-clearfix su-u-trim\">\n<h3><strong>REVISTA MARIE CLAIRE<\/strong><\/h3>\n<p><a href=\"https:\/\/docs.google.com\/viewerng\/viewer?url=http:\/\/homeprojetos.com.br\/casasdemadeira\/wp-content\/uploads\/2017\/11\/Marie_Claire_Boa_Vida_Ferias_website.pdf\" target=\"_blank\" rel=\"noopener noreferrer\"><img loading=\"lazy\" decoding=\"async\" class=\"aligncenter wp-image-595\" src=\"http:\/\/homeprojetos.com.br\/casasdemadeira\/wp-content\/uploads\/2017\/11\/Marie_Claire_Boa_Vida_Ferias-1.jpg\" alt=\"\" width=\"150\" height=\"212\" srcset=\"https:\/\/homeprojetos.com.br\/casasdemadeira\/wp-content\/uploads\/2017\/11\/Marie_Claire_Boa_Vida_Ferias-1.jpg 1654w, https:\/\/homeprojetos.com.br\/casasdemadeira\/wp-content\/uploads\/2017\/11\/Marie_Claire_Boa_Vida_Ferias-1-212x300.jpg 212w, https:\/\/homeprojetos.com.br\/casasdemadeira\/wp-content\/uploads\/2017\/11\/Marie_Claire_Boa_Vida_Ferias-1-768x1086.jpg 768w, https:\/\/homeprojetos.com.br\/casasdemadeira\/wp-content\/uploads\/2017\/11\/Marie_Claire_Boa_Vida_Ferias-1-724x1024.jpg 724w, https:\/\/homeprojetos.com.br\/casasdemadeira\/wp-content\/uploads\/2017\/11\/Marie_Claire_Boa_Vida_Ferias-1-191x270.jpg 191w\" sizes=\"auto, (max-width: 150px) 100vw, 150px\" \/><\/a><\/p>\n<div class=\"su-document su-u-responsive-media-yes\"><iframe loading=\"lazy\" src=\"\/\/docs.google.com\/viewer?embedded=true&url=http:\/\/homeprojetos.com.br\/casasdemadeira\/wp-content\/uploads\/2017\/11\/Marie_Claire_Boa_Vida_Ferias_website.pdf\" width=\"600\" height=\"400\" class=\"su-document\" title=\"\"><\/iframe><\/div>\n<p>&nbsp;<\/p>\n<\/div><\/div>\n<div class=\"su-spoiler su-spoiler-style-fancy su-spoiler-icon-arrow su-spoiler-closed\" data-scroll-offset=\"0\" data-anchor-in-url=\"no\"><div class=\"su-spoiler-title\" tabindex=\"0\" role=\"button\"><span class=\"su-spoiler-icon\"><\/span>REVISTA O GLOBO - DECORA\u00c7\u00c3O, 21\/08\/2011<\/div><div class=\"su-spoiler-content su-u-clearfix su-u-trim\">\n<h3><strong>O GLOBO &#8211; DECORA\u00c7\u00c3O, 21\/08\/2011<\/strong><\/h3>\n<p><a href=\"https:\/\/docs.google.com\/viewerng\/viewer?url=http:\/\/homeprojetos.com.br\/casasdemadeira\/wp-content\/uploads\/2017\/11\/OGlobo_2011_08_21_pg01_02_website.pdf\" target=\"_blank\" rel=\"noopener noreferrer\"><img loading=\"lazy\" decoding=\"async\" class=\"aligncenter wp-image-601\" src=\"http:\/\/homeprojetos.com.br\/casasdemadeira\/wp-content\/uploads\/2017\/11\/OGlobo_2011_08_21_Aberta-1.png\" alt=\"\" width=\"300\" height=\"213\" \/><\/a><\/p>\n<div class=\"su-document su-u-responsive-media-yes\"><iframe loading=\"lazy\" src=\"\/\/docs.google.com\/viewer?embedded=true&url=http:\/\/homeprojetos.com.br\/casasdemadeira\/wp-content\/uploads\/2017\/11\/OGlobo_2011_08_21_pg01_02_website.pdf\" width=\"600\" height=\"400\" class=\"su-document\" title=\"\"><\/iframe><\/div>\n<p>&nbsp;<\/p>\n<\/div><\/div>\n<div class=\"su-spoiler su-spoiler-style-fancy su-spoiler-icon-arrow su-spoiler-closed\" data-scroll-offset=\"0\" data-anchor-in-url=\"no\"><div class=\"su-spoiler-title\" tabindex=\"0\" role=\"button\"><span class=\"su-spoiler-icon\"><\/span>REVISTA O GLOBO - DECORA\u00c7\u00c3O, 24\/06\/2011<\/div><div class=\"su-spoiler-content su-u-clearfix su-u-trim\">\n<h3><strong>O GLOBO, 24\/06\/2011<\/strong><\/h3>\n<p><a href=\"https:\/\/docs.google.com\/viewerng\/viewer?url=http:\/\/homeprojetos.com.br\/casasdemadeira\/wp-content\/uploads\/2017\/11\/OGlobo_2012_06_24_website.pdf\" target=\"_blank\" rel=\"noopener noreferrer\"><img loading=\"lazy\" decoding=\"async\" class=\"aligncenter wp-image-603\" src=\"http:\/\/homeprojetos.com.br\/casasdemadeira\/wp-content\/uploads\/2017\/11\/OGlobo_2012_06_24_Aberta-1.png\" alt=\"\" width=\"300\" height=\"194\" srcset=\"https:\/\/homeprojetos.com.br\/casasdemadeira\/wp-content\/uploads\/2017\/11\/OGlobo_2012_06_24_Aberta-1.png 301w, https:\/\/homeprojetos.com.br\/casasdemadeira\/wp-content\/uploads\/2017\/11\/OGlobo_2012_06_24_Aberta-1-300x194.png 300w\" sizes=\"auto, (max-width: 300px) 100vw, 300px\" \/><\/a><\/p>\n<div class=\"su-document su-u-responsive-media-yes\"><iframe loading=\"lazy\" src=\"\/\/docs.google.com\/viewer?embedded=true&url=http:\/\/homeprojetos.com.br\/casasdemadeira\/wp-content\/uploads\/2017\/11\/OGlobo_2012_06_24_website.pdf\" width=\"600\" height=\"400\" class=\"su-document\" title=\"\"><\/iframe><\/div>\n<p>&nbsp;<\/p>\n<\/div><\/div>\n<div class=\"su-spoiler su-spoiler-style-fancy su-spoiler-icon-arrow su-spoiler-closed\" data-scroll-offset=\"0\" data-anchor-in-url=\"no\"><div class=\"su-spoiler-title\" tabindex=\"0\" role=\"button\"><span class=\"su-spoiler-icon\"><\/span>REVISTA O GLOBO - DECORA\u00c7\u00c3O, 31\/08\/2013<\/div><div class=\"su-spoiler-content su-u-clearfix su-u-trim\">\n<h3 style=\"text-align: center;\"><strong>O GLOBO, 31\/08\/2013<\/strong><\/h3>\n<p><a href=\"https:\/\/docs.google.com\/viewerng\/viewer?url=http:\/\/homeprojetos.com.br\/casasdemadeira\/wp-content\/uploads\/2017\/11\/OGlobo_2013_08_31_pg01_01.pdf\" target=\"_blank\" rel=\"noopener noreferrer\"><img loading=\"lazy\" decoding=\"async\" class=\"aligncenter wp-image-606 size-full\" src=\"http:\/\/homeprojetos.com.br\/casasdemadeira\/wp-content\/uploads\/2017\/11\/OGlobo_2013_08_31_Aberta-1.png\" alt=\"\" width=\"301\" height=\"218\" srcset=\"https:\/\/homeprojetos.com.br\/casasdemadeira\/wp-content\/uploads\/2017\/11\/OGlobo_2013_08_31_Aberta-1.png 301w, https:\/\/homeprojetos.com.br\/casasdemadeira\/wp-content\/uploads\/2017\/11\/OGlobo_2013_08_31_Aberta-1-300x217.png 300w\" sizes=\"auto, (max-width: 301px) 100vw, 301px\" \/><\/a><\/p>\n<div class=\"su-document su-u-responsive-media-yes\"><iframe loading=\"lazy\" src=\"\/\/docs.google.com\/viewer?embedded=true&url=http:\/\/homeprojetos.com.br\/casasdemadeira\/wp-content\/uploads\/2017\/11\/OGlobo_2013_08_31_pg01_01.pdf\" width=\"600\" height=\"400\" class=\"su-document\" title=\"\"><\/iframe><\/div>\n<\/div><\/div>\n","protected":false},"excerpt":{"rendered":"<p>Os projetos da\u00a0HOME PROJETOS\u00a0s\u00e3o destaques em revistas especializadas! Clique nos t\u00f3picos abaixo para ver publica\u00e7\u00f5es em destaque sobre os projetos da HOME:<\/p>\n","protected":false},"author":2,"featured_media":0,"parent":0,"menu_order":4,"comment_status":"closed","ping_status":"closed","template":"","meta":{"footnotes":"","_links_to":"","_links_to_target":""},"class_list":["post-59","page","type-page","status-publish","hentry"],"yoast_head":"<!-- This site is optimized with the Yoast SEO plugin v24.9 - https:\/\/yoast.com\/wordpress\/plugins\/seo\/ -->\n<title>Casas de Madeira - Home Projetos Constru\u00e7\u00e3o de Casas de Madeira RJ<\/title>\n<meta name=\"description\" content=\"Casas de madeira e chal\u00e9s, Projeto e constru\u00e7\u00e3o, casas pr\u00e9 fabricadas, arquitetura exclusiva, alto padr\u00e3o, valorizamos a topografia e espa\u00e7o do seu terreno!\" \/>\n<meta name=\"robots\" content=\"index, follow, max-snippet:-1, max-image-preview:large, max-video-preview:-1\" \/>\n<link rel=\"canonical\" href=\"https:\/\/homeprojetos.com.br\/casasdemadeira\/na-midia\/\" \/>\n<meta property=\"og:locale\" content=\"pt_BR\" \/>\n<meta property=\"og:type\" content=\"article\" \/>\n<meta property=\"og:title\" content=\"Casas de Madeira - Home Projetos Constru\u00e7\u00e3o de Casas de Madeira RJ\" \/>\n<meta property=\"og:description\" content=\"Casas de madeira e chal\u00e9s, Projeto e constru\u00e7\u00e3o, casas pr\u00e9 fabricadas, arquitetura exclusiva, alto padr\u00e3o, valorizamos a topografia e espa\u00e7o do seu terreno!\" \/>\n<meta property=\"og:url\" content=\"https:\/\/homeprojetos.com.br\/casasdemadeira\/na-midia\/\" \/>\n<meta property=\"og:site_name\" content=\"HOME PROJETOS\" \/>\n<meta property=\"article:modified_time\" content=\"2025-04-24T15:08:34+00:00\" \/>\n<meta property=\"og:image\" content=\"https:\/\/homeprojetos.com.br\/casasdemadeira\/wp-content\/uploads\/2017\/11\/logos_revistas-1.png\" \/>\n\t<meta property=\"og:image:width\" content=\"800\" \/>\n\t<meta property=\"og:image:height\" content=\"91\" \/>\n\t<meta property=\"og:image:type\" content=\"image\/png\" \/>\n<meta name=\"twitter:card\" content=\"summary_large_image\" \/>\n<meta name=\"twitter:label1\" content=\"Est. tempo de leitura\" \/>\n\t<meta name=\"twitter:data1\" content=\"3 minutos\" \/>\n<script type=\"application\/ld+json\" class=\"yoast-schema-graph\">{\"@context\":\"https:\/\/schema.org\",\"@graph\":[{\"@type\":\"WebPage\",\"@id\":\"https:\/\/homeprojetos.com.br\/casasdemadeira\/na-midia\/\",\"url\":\"https:\/\/homeprojetos.com.br\/casasdemadeira\/na-midia\/\",\"name\":\"Casas de Madeira - Home Projetos Constru\u00e7\u00e3o de Casas de Madeira RJ\",\"isPartOf\":{\"@id\":\"https:\/\/homeprojetos.com.br\/casasdemadeira\/#website\"},\"primaryImageOfPage\":{\"@id\":\"https:\/\/homeprojetos.com.br\/casasdemadeira\/na-midia\/#primaryimage\"},\"image\":{\"@id\":\"https:\/\/homeprojetos.com.br\/casasdemadeira\/na-midia\/#primaryimage\"},\"thumbnailUrl\":\"http:\/\/homeprojetos.com.br\/casasdemadeira\/wp-content\/uploads\/2017\/11\/logos_revistas-1.png\",\"datePublished\":\"2017-11-09T18:41:35+00:00\",\"dateModified\":\"2025-04-24T15:08:34+00:00\",\"description\":\"Casas de madeira e chal\u00e9s, Projeto e constru\u00e7\u00e3o, casas pr\u00e9 fabricadas, arquitetura exclusiva, alto padr\u00e3o, valorizamos a topografia e espa\u00e7o do seu terreno!\",\"breadcrumb\":{\"@id\":\"https:\/\/homeprojetos.com.br\/casasdemadeira\/na-midia\/#breadcrumb\"},\"inLanguage\":\"pt-BR\",\"potentialAction\":[{\"@type\":\"ReadAction\",\"target\":[\"https:\/\/homeprojetos.com.br\/casasdemadeira\/na-midia\/\"]}]},{\"@type\":\"ImageObject\",\"inLanguage\":\"pt-BR\",\"@id\":\"https:\/\/homeprojetos.com.br\/casasdemadeira\/na-midia\/#primaryimage\",\"url\":\"http:\/\/homeprojetos.com.br\/casasdemadeira\/wp-content\/uploads\/2017\/11\/logos_revistas-1.png\",\"contentUrl\":\"http:\/\/homeprojetos.com.br\/casasdemadeira\/wp-content\/uploads\/2017\/11\/logos_revistas-1.png\"},{\"@type\":\"BreadcrumbList\",\"@id\":\"https:\/\/homeprojetos.com.br\/casasdemadeira\/na-midia\/#breadcrumb\",\"itemListElement\":[{\"@type\":\"ListItem\",\"position\":1,\"name\":\"In\u00edcio\",\"item\":\"https:\/\/homeprojetos.com.br\/casasdemadeira\/\"},{\"@type\":\"ListItem\",\"position\":2,\"name\":\"Na M\u00eddia\"}]},{\"@type\":\"WebSite\",\"@id\":\"https:\/\/homeprojetos.com.br\/casasdemadeira\/#website\",\"url\":\"https:\/\/homeprojetos.com.br\/casasdemadeira\/\",\"name\":\"HOME PROJETOS\",\"description\":\"Casas de Madeira com Projetos Exclusivos\",\"publisher\":{\"@id\":\"https:\/\/homeprojetos.com.br\/casasdemadeira\/#organization\"},\"potentialAction\":[{\"@type\":\"SearchAction\",\"target\":{\"@type\":\"EntryPoint\",\"urlTemplate\":\"https:\/\/homeprojetos.com.br\/casasdemadeira\/?s={search_term_string}\"},\"query-input\":{\"@type\":\"PropertyValueSpecification\",\"valueRequired\":true,\"valueName\":\"search_term_string\"}}],\"inLanguage\":\"pt-BR\"},{\"@type\":\"Organization\",\"@id\":\"https:\/\/homeprojetos.com.br\/casasdemadeira\/#organization\",\"name\":\"Home Projetos Casas de Madeira\",\"url\":\"https:\/\/homeprojetos.com.br\/casasdemadeira\/\",\"logo\":{\"@type\":\"ImageObject\",\"inLanguage\":\"pt-BR\",\"@id\":\"https:\/\/homeprojetos.com.br\/casasdemadeira\/#\/schema\/logo\/image\/\",\"url\":\"https:\/\/homeprojetos.com.br\/casasdemadeira\/wp-content\/uploads\/2017\/11\/logo_small.png\",\"contentUrl\":\"https:\/\/homeprojetos.com.br\/casasdemadeira\/wp-content\/uploads\/2017\/11\/logo_small.png\",\"width\":167,\"height\":42,\"caption\":\"Home Projetos Casas de Madeira\"},\"image\":{\"@id\":\"https:\/\/homeprojetos.com.br\/casasdemadeira\/#\/schema\/logo\/image\/\"}}]}<\/script>\n<!-- \/ Yoast SEO plugin. -->","yoast_head_json":{"title":"Casas de Madeira - Home Projetos Constru\u00e7\u00e3o de Casas de Madeira RJ","description":"Casas de madeira e chal\u00e9s, Projeto e constru\u00e7\u00e3o, casas pr\u00e9 fabricadas, arquitetura exclusiva, alto padr\u00e3o, valorizamos a topografia e espa\u00e7o do seu terreno!","robots":{"index":"index","follow":"follow","max-snippet":"max-snippet:-1","max-image-preview":"max-image-preview:large","max-video-preview":"max-video-preview:-1"},"canonical":"https:\/\/homeprojetos.com.br\/casasdemadeira\/na-midia\/","og_locale":"pt_BR","og_type":"article","og_title":"Casas de Madeira - Home Projetos Constru\u00e7\u00e3o de Casas de Madeira RJ","og_description":"Casas de madeira e chal\u00e9s, Projeto e constru\u00e7\u00e3o, casas pr\u00e9 fabricadas, arquitetura exclusiva, alto padr\u00e3o, valorizamos a topografia e espa\u00e7o do seu terreno!","og_url":"https:\/\/homeprojetos.com.br\/casasdemadeira\/na-midia\/","og_site_name":"HOME PROJETOS","article_modified_time":"2025-04-24T15:08:34+00:00","og_image":[{"width":800,"height":91,"url":"https:\/\/homeprojetos.com.br\/casasdemadeira\/wp-content\/uploads\/2017\/11\/logos_revistas-1.png","type":"image\/png"}],"twitter_card":"summary_large_image","twitter_misc":{"Est. tempo de leitura":"3 minutos"},"schema":{"@context":"https:\/\/schema.org","@graph":[{"@type":"WebPage","@id":"https:\/\/homeprojetos.com.br\/casasdemadeira\/na-midia\/","url":"https:\/\/homeprojetos.com.br\/casasdemadeira\/na-midia\/","name":"Casas de Madeira - Home Projetos Constru\u00e7\u00e3o de Casas de Madeira RJ","isPartOf":{"@id":"https:\/\/homeprojetos.com.br\/casasdemadeira\/#website"},"primaryImageOfPage":{"@id":"https:\/\/homeprojetos.com.br\/casasdemadeira\/na-midia\/#primaryimage"},"image":{"@id":"https:\/\/homeprojetos.com.br\/casasdemadeira\/na-midia\/#primaryimage"},"thumbnailUrl":"http:\/\/homeprojetos.com.br\/casasdemadeira\/wp-content\/uploads\/2017\/11\/logos_revistas-1.png","datePublished":"2017-11-09T18:41:35+00:00","dateModified":"2025-04-24T15:08:34+00:00","description":"Casas de madeira e chal\u00e9s, Projeto e constru\u00e7\u00e3o, casas pr\u00e9 fabricadas, arquitetura exclusiva, alto padr\u00e3o, valorizamos a topografia e espa\u00e7o do seu terreno!","breadcrumb":{"@id":"https:\/\/homeprojetos.com.br\/casasdemadeira\/na-midia\/#breadcrumb"},"inLanguage":"pt-BR","potentialAction":[{"@type":"ReadAction","target":["https:\/\/homeprojetos.com.br\/casasdemadeira\/na-midia\/"]}]},{"@type":"ImageObject","inLanguage":"pt-BR","@id":"https:\/\/homeprojetos.com.br\/casasdemadeira\/na-midia\/#primaryimage","url":"http:\/\/homeprojetos.com.br\/casasdemadeira\/wp-content\/uploads\/2017\/11\/logos_revistas-1.png","contentUrl":"http:\/\/homeprojetos.com.br\/casasdemadeira\/wp-content\/uploads\/2017\/11\/logos_revistas-1.png"},{"@type":"BreadcrumbList","@id":"https:\/\/homeprojetos.com.br\/casasdemadeira\/na-midia\/#breadcrumb","itemListElement":[{"@type":"ListItem","position":1,"name":"In\u00edcio","item":"https:\/\/homeprojetos.com.br\/casasdemadeira\/"},{"@type":"ListItem","position":2,"name":"Na M\u00eddia"}]},{"@type":"WebSite","@id":"https:\/\/homeprojetos.com.br\/casasdemadeira\/#website","url":"https:\/\/homeprojetos.com.br\/casasdemadeira\/","name":"HOME PROJETOS","description":"Casas de Madeira com Projetos Exclusivos","publisher":{"@id":"https:\/\/homeprojetos.com.br\/casasdemadeira\/#organization"},"potentialAction":[{"@type":"SearchAction","target":{"@type":"EntryPoint","urlTemplate":"https:\/\/homeprojetos.com.br\/casasdemadeira\/?s={search_term_string}"},"query-input":{"@type":"PropertyValueSpecification","valueRequired":true,"valueName":"search_term_string"}}],"inLanguage":"pt-BR"},{"@type":"Organization","@id":"https:\/\/homeprojetos.com.br\/casasdemadeira\/#organization","name":"Home Projetos Casas de Madeira","url":"https:\/\/homeprojetos.com.br\/casasdemadeira\/","logo":{"@type":"ImageObject","inLanguage":"pt-BR","@id":"https:\/\/homeprojetos.com.br\/casasdemadeira\/#\/schema\/logo\/image\/","url":"https:\/\/homeprojetos.com.br\/casasdemadeira\/wp-content\/uploads\/2017\/11\/logo_small.png","contentUrl":"https:\/\/homeprojetos.com.br\/casasdemadeira\/wp-content\/uploads\/2017\/11\/logo_small.png","width":167,"height":42,"caption":"Home Projetos Casas de Madeira"},"image":{"@id":"https:\/\/homeprojetos.com.br\/casasdemadeira\/#\/schema\/logo\/image\/"}}]}},"_links":{"self":[{"href":"https:\/\/homeprojetos.com.br\/casasdemadeira\/wp-json\/wp\/v2\/pages\/59","targetHints":{"allow":["GET"]}}],"collection":[{"href":"https:\/\/homeprojetos.com.br\/casasdemadeira\/wp-json\/wp\/v2\/pages"}],"about":[{"href":"https:\/\/homeprojetos.com.br\/casasdemadeira\/wp-json\/wp\/v2\/types\/page"}],"author":[{"embeddable":true,"href":"https:\/\/homeprojetos.com.br\/casasdemadeira\/wp-json\/wp\/v2\/users\/2"}],"replies":[{"embeddable":true,"href":"https:\/\/homeprojetos.com.br\/casasdemadeira\/wp-json\/wp\/v2\/comments?post=59"}],"version-history":[{"count":62,"href":"https:\/\/homeprojetos.com.br\/casasdemadeira\/wp-json\/wp\/v2\/pages\/59\/revisions"}],"predecessor-version":[{"id":1235,"href":"https:\/\/homeprojetos.com.br\/casasdemadeira\/wp-json\/wp\/v2\/pages\/59\/revisions\/1235"}],"wp:attachment":[{"href":"https:\/\/homeprojetos.com.br\/casasdemadeira\/wp-json\/wp\/v2\/media?parent=59"}],"curies":[{"name":"wp","href":"https:\/\/api.w.org\/{rel}","templated":true}]}}